 factors of z.
2
Suppose -78799 + 8442 - 31458 = -7*n. List the prime factors of n.
5, 2909
Let n be 9/15*5*1. Suppose -3*w + n*y = -6*w + 531, y = -4*w + 699. Let a = 319 - w. What are the prime factors of a?
5, 29
Let r(b) = -b**3 + 51*b**2 - 17*b - 620. What are the prime factors of r(33)?
13, 109
Let b = -2 - 67. Let z = b - -72. List the prime factors of 8/z*(3 - (-2322)/24).
2, 7, 19
Suppose 2*u - 11310 = -3*h, 2*u = 6*h - 7*h + 11306. What are the prime factors of u?
2, 3, 157
Suppose -46*y + 24*y = -22. List the prime factors of 561/y - ((3 - 11) + 5).
2, 3, 47
Let s(c) = 11*c**2 + 19*c - 91. Let u be s(7). Suppose 0 = -b + 4*r + u, b - 247 = -2*r + 364. What are the prime factors of b?
601
Suppose 1180*z + 13961 - 42073 = 1172*z. What are the prime factors of z?
2, 7, 251
Let d = -141 + 59. List the prime factors of (1 - 5/2) + (-8651)/d.
2, 13
What are the prime factors of (136 - 141) + 12291 + -1?
3, 5, 7, 13
Suppose 0 = -17*q + 274187 + 192361. What are the prime factors of q?
2, 3, 2287
Let k(i) = -10*i + 176. Let f = 302 + -302. What are the prime factors of k(f)?
2, 11
Suppose 0 = -2*x - 5*w + 1669, -x = -3*w - 275 - 587. What are the prime factors of x?
7, 11
Suppose 349096 = 10*m - 27*m + 21*m. List the prime factors of m.
2, 11, 3967
Let s(h) = 2*h**2 + 5*h - 2. Let m be s(3). Let v(o) = 14 + m*o**2 - 6*o - 29*o**2 + 16 - 3*o. What are the prime factors of v(4)?
2, 13
Let s be (-732)/(3 - 0) - 1*2. Let p = -402 - s. Let q = -71 - p. What are the prime factors of q?
5, 17
Suppose -118*a + 111*a = -3458. Let m = a + 142. List the prime factors of m.
2, 3, 53
Suppose -556 = -2*s + 54. Let y = 950 - s. List the prime factors of y.
3, 5, 43
Suppose -150 = -7*k - 3*k. Let w be -3 - (9/(-3) - -7). List the prime factors of k/(-2 - w) + 8.
11
Suppose -4*c - 2484 = 5*c. Let j = c + 455. List the prime factors of j.
179
Suppose -r - 6*r - 21 = 0. Let d be r + (6/(-4))/(9/(-276)). Suppose 2*q + d - 357 = 0. List the prime factors of q.
157
Let o = 782 - -1236. What are the prime factors of o?
2, 1009
Let x be (2/8 + 0)*10380/15. Let w = x - -174. List the prime factors of w.
347
Suppose 75*l - 14728 = 61*l. What are the prime factors of l?
2, 263
Let w = 215 - 11. Suppose 3*x - w - 568 = -5*l, -3*x + 776 = 4*l. List the prime factors of x.
2, 3, 11
Suppose -5*n + 180 + 10 = 5*c, -5*n - 3*c = -186. Suppose 0 = 18*t - 12*t + n. Let k(y) = -2*y**2 - 18*y - 5. List the prime factors of k(t).
31
Suppose 4*p = 3*g + 6527, 5*p - 3743 - 4407 = 2*g. What are the prime factors of p?
2, 11, 37
Let b be (-2 - -3)*1 - -44. Suppose 0 = 5*n + 86 - 101. What are the prime factors of 18/(-4)*n*(-40)/b?
2, 3
Let o(q) = q**3 - 9*q**2 + 6*q + 31. Let s be o(8). Suppose -60990 = -23*f - s*f. What are the prime factors of f?
3, 5, 107
Suppose 0 = -6*a - a + 133. Suppose -14*y + 65 = -a*y. Let x = 31 + y. What are the prime factors of x?
2, 3
Let n(f) = 4*f**2 + f - 2. Let l be n(-2). Suppose 4*b - 28 = l. Suppose -o = 2 - b. List the prime factors of o.
2
Let k(t) = t**2 + t - 4. Let g be k(-3). Suppose 5*z - 40 = -0*z. What are the prime factors of g/z - -118*2/16?
3, 5
Let v(n) = -38*n - 59. Let w be v(-2). Let i(a) = 7*a**2 - 88*a - 20. What are the prime factors of i(w)?
3, 13
Let o(t) = -2*t**2 - 52*t - 204. Let q be o(-21). Suppose -q*j + 17802 = 12*j. List the prime factors of j.
23, 43
List the prime factors of (-2)/34 + 13197390/1751.
7537
Let l = -576 + -368. Let j = 1612 + l. List the prime factors of j.
2, 167
Let t(h) = -h**2 + 26*h - 27. Let a be t(25). Let w be (0/(2 + -6))/a. Suppose 2*p + 5*f = f + 36, w = -p + 5*f - 17. List the prime factors of p.
2
Let x be 1/(-4) + 8*(-2410)/(-320). What are the prime factors of 138/4*5/(x/256)?
2, 23
Suppose 18*b - 20*b = 116. Let s = b + -9. Let t = s - -96. What are the prime factors of t?
29
Suppose -5*j + 4934 = -4*d, -12*j + 3*d + 3948 = -8*j. Suppose 323*l = 326*l - j. What are the prime factors of l?
2, 3, 5, 11
Let q = 23514 - -65583. What are the prime factors of q?
3, 17, 1747
Let t be (-3 + -152 + -2)/((-2)/58). Suppose 0 = 12*k + 1493 - t. What are the prime factors of k?
3, 5, 17
Let a = -1032 - -1030. Let y = 18 - 12. What are the prime factors of a + 3/(y/14)?
5
Suppose v = -78*j + 75*j + 19787, 3*v = -5*j + 32981. What are the prime factors of j?
5, 1319
Suppose 13*p = 27*p - 22*p + 244216. What are the prime factors of p?
7, 89
Let p(d) = -d**2 - 19*d - 84. Let v be p(-12). Suppose v = -3*u + 1714 - 529. What are the prime factors of u?
5, 79
Let b = -45 + 165. Let r = 926 + -758. Let n = r - b. What are the prime factors of n?
2, 3
Let v(t) = 10*t - 54. Let m(b) = -19*b + 109. Let r(n) = 3*m(n) + 5*v(n). List the prime factors of r(-3).
2, 3, 13
Let k(b) be the third derivative of b**5/5 + b**4/3 - 13*b**3/6 - 19*b**2 + 2. Let w = 6 - 4. List the prime factors of k(w).
3, 17
Let l(v) be the first derivative of 16*v**3/3 - 11*v**2/2 + 22*v + 59. What are the prime factors of l(2)?
2
Let j(y) = -2*y**2 - 9*y - 4. Let z be j(-4). Suppose -2*m + m + 371 = z. List the prime factors of m.
7, 53
Let v = 427 - 453. Let u be -45 - -2*(0 + -1). Let x = v - u. What are the prime factors of x?
3, 7
Let b(x) = 3*x**2 + 10*x. Let c = -123 - -118. Let l be b(c). Suppose l*m = 23*m + 44. List the prime factors of m.
2, 11
Let c be ((-546)/(-9))/(22/(-165)). Let u = 751 + c. List the prime factors of u.
2, 37
Let h(a) = 360*a**2 + 35*a + 11. List the prime factors of h(4).
23, 257
Let m be 4 - ((-2)/10 + (-12)/15). Suppose m*z = 10, 4*f - 951 = -z + 259. List the prime factors of f.
2, 151
Suppose -7*y = -5*y + 11*y - 154479. What are the prime factors of y?
3, 17, 233
Let s(p) = 95*p + 24. Let r be s(11). Suppose 3*w - 4*i - 1075 = 0, -2*i = 4*w - w - r. What are the prime factors of w?
3, 7, 17
Let c(b) = -3*b**2 + 3*b + 608. Suppose 3*g = -2*a - 3*a - 5, 2*a = -5*g - 2. List the prime factors of c(g).
2, 19
Let g be (35 + 16)/(1/77). Suppose -5*q - 1297 + g = 0. List the prime factors of q.
2, 263
Suppose 2443*p = 2440*p + 55500. What are the prime factors of p?
2, 5, 37
Let n be (2 - 8/6)*72. Suppose 0 = 18*q - 1322 - 856. Let v = q - n. What are the prime factors of v?
73
Suppose w + 4*j = 9906, 459*j - 458*j = 6. What are the prime factors of w?
2, 3, 61
Let f = -215 + 332. Let v = 438 - f. List the prime factors of v.
3, 107
Suppose -2*w + 13 = x, x + 2*w = 4*x - 15. Suppose 4*c = 3 - x, b + 3*c = 0. Suppose -2*q = m - 9, -b*q + 16 = -2*m + 6*m. What are the prime factors of q?
2
Let h be -9*(1 - (-4)/24*-9488). Suppose -9108 = -33*n + h. What are the prime factors of n?
7, 101
Let s(p) = 4034*p - 10343. List the prime factors of s(13).
3, 14033
List the prime factors of 128/(-12)*(4566/(-12) - 5).
2, 257
Let l = -6 - -7. Let t be 3 - (0 + 7)/l. List the prime factors of (-1)/(t/(395 + 1)).
3, 11
Let w(o) = 291*o**3 - 43*o**2 - 96*o + 622. List the prime factors of w(6).
2, 30677
Let s(u) = -14*u - 5 + 50*u**2 + 35*u - 10*u - 13*u. Let q be s(2). Suppose -x - 5*o + 51 = 0, 4*o + q = 2*x + x. What are the prime factors of x?
61
What are the prime factors of ((-76)/(-608) - (-10)/(-16))/(2/(-14820))?
3, 5, 13, 19
Suppose 5*j = -5*o + 25100, 19*j - 25076 = -5*o + 20*j. What are the prime factors of o?
2, 3, 11, 19
Let b(m) be the third derivative of m**6/120 + 5*m**3/6 - 2*m**2. Suppose -2*k - 2*r + 10 = -4*r, 20 = 4*k + 4*r. What are the prime factors of b(k)?
2, 5, 13
Let t be ((-8)/1)/(1848/2475 + (-2)/3). Suppose -z - 2*q = 67 - 0, 0 = -4*z - q - 233. Let y = z - t. List the prime factors of y.
43
Suppose 2*z = 3*f + 6, 3*z - f - 12 = 2*f. Suppose -3*y + z*y - 72 = 0. List the prime factors of y.
2, 3
Let m = -33931 - -47651. List the prime factors of m.
2, 5, 7
Suppose -13*u = -f - 15*u + 1954, -2*u = 3*f - 5874. Suppose 2*z = -3*p + z + f, -640 = -p - 3*z. What are the prime factors of p?
5, 131
Let a = -30 - -34. Suppose 5*y = -3*l + a*l - 49, -y - 13 = 3*l. List the prime factors of -46*(2 + y/4).
23
Let g(j) = 15*j**2 + 17*j + 9. List the prime factors of g(49).
36857
Let q(h) = h**3 + 3*h**2 + 29*h + 18736. What are the prime factors of q(0)?
2, 1171
Let s(b) be the first derivative of -b**4/4 - 2*b**3 - 14*b**2 - 15*b - 142. List the prime factors of s(-10).
5, 7, 19
Let i(m) be the